{"id":52291,"date":"2026-03-18T13:19:18","date_gmt":"2026-03-18T18:19:18","guid":{"rendered":"https:\/\/www.kansascommerce.gov\/?post_type=staff&#038;p=52291"},"modified":"2026-03-18T13:19:25","modified_gmt":"2026-03-18T18:19:25","slug":"joseph-le","status":"publish","type":"staff","link":"https:\/\/www.kansascommerce.gov\/es\/staff\/joseph-le\/","title":{"rendered":"Joseph Le"},"content":{"rendered":"<p>Joseph es actualmente Director Interino de Desarrollo de la Banda Ancha. Antes de ocupar este cargo, fue Director Adjunto de Desarrollo de la Banda Ancha desde enero de 2023. Tiene una amplia experiencia en pol\u00edtica, servicio p\u00fablico y tecnolog\u00eda, y se licenci\u00f3 en Ciencias Pol\u00edticas y Psicolog\u00eda por la Universidad de Kansas. Fue jefe de gabinete del l\u00edder de la minor\u00eda en la C\u00e1mara de Representantes de Kansas, Tom Sawyer, antes de unirse al equipo de Desarrollo de la Banda Ancha. Con un historial en la Legislatura de Kansas, como Director Legislativo y Director de Operaciones, Joseph tambi\u00e9n contribuy\u00f3 a la resoluci\u00f3n de problemas del sitio web de la Ley de Asistencia Asequible en el departamento de TI de General Dynamics durante la Administraci\u00f3n Obama y trabaj\u00f3 para el departamento de TI de la Universidad de Kansas en su entonces sistema de gesti\u00f3n de cursos, Blackboard. M\u00e1s all\u00e1 de sus actividades profesionales, es miembro de la Junta Consultiva de Correccionales Comunitarias del Condado de Douglas y de la Comisi\u00f3n de Relaciones Humanas de la ciudad de Lawrence. Joseph es un NextGen Under 30 Honoree, otorgado por NextGen Under 30 Kansas reconociendo su impacto en el estado de Kansas y las comunidades a las que sirve, dado su mandato como servidor p\u00fablico. En su tiempo libre, Joseph disfruta siguiendo el baloncesto masculino de la NCAA, codificando, manteni\u00e9ndose al d\u00eda de las innovaciones tecnol\u00f3gicas y automovil\u00edsticas, y pasando buenos momentos con su Akita, Emi.<br><br><a href=\"mailto:joseph.le@ks.gov\">joseph.le@ks.gov<\/a><br>785-230-4615 <\/p>","protected":false},"featured_media":66813,"menu_order":169,"template":"","staff_category":[874],"class_list":["post-52291","staff","type-staff","status-publish","has-post-thumbnail","hentry","staff_category-broadband"],"acf":[],"yoast_head":"<!-- This site is optimized with the Yoast SEO Premium plugin v19.5 (Yoast SEO v27.1.1) - https:\/\/yoast.com\/product\/yoast-seo-premium-wordpress\/ -->\n<title>Joseph Le - Kansas Department of Commerce<\/title>\n<meta name=\"robots\" content=\"index, follow, max-snippet:-1, max-image-preview:large, max-video-preview:-1\" \/>\n<link rel=\"canonical\" href=\"https:\/\/www.kansascommerce.gov\/es\/staff\/joseph-le\/\" \/>\n<meta property=\"og:locale\" content=\"es_ES\" \/>\n<meta property=\"og:type\" content=\"article\" \/>\n<meta property=\"og:title\" content=\"Joseph Le\" \/>\n<meta property=\"og:description\" content=\"Joseph is currently the Interim Director of Broadband Development. Prior to this role, he was the Deputy Director of Broadband Development since January 2023. He brings a diverse background in politics, public service, and technology, ...\" \/>\n<meta property=\"og:url\" content=\"https:\/\/www.kansascommerce.gov\/es\/staff\/joseph-le\/\" \/>\n<meta property=\"og:site_name\" content=\"Kansas Department of Commerce\" \/>\n<meta property=\"article:publisher\" content=\"https:\/\/www.facebook.com\/KansasCommerce\/\" \/>\n<meta property=\"article:modified_time\" content=\"2026-03-18T18:19:25+00:00\" \/>\n<meta property=\"og:image\" content=\"https:\/\/www.kansascommerce.gov\/wp-content\/uploads\/2024\/09\/MicrosoftTeams-image-930.jpg\" \/>\n\t<meta property=\"og:image:width\" content=\"1440\" \/>\n\t<meta property=\"og:image:height\" content=\"1800\" \/>\n\t<meta property=\"og:image:type\" content=\"image\/jpeg\" \/>\n<meta name=\"twitter:card\" content=\"summary_large_image\" \/>\n<meta name=\"twitter:site\" content=\"@KansasCommerce\" \/>\n<meta name=\"twitter:label1\" content=\"Tiempo de lectura\" \/>\n\t<meta name=\"twitter:data1\" content=\"1 minuto\" \/>\n<script type=\"application\/ld+json\" class=\"yoast-schema-graph\">{\"@context\":\"https:\/\/schema.org\",\"@graph\":[{\"@type\":\"WebPage\",\"@id\":\"https:\/\/www.kansascommerce.gov\/staff\/joseph-le\/\",\"url\":\"https:\/\/www.kansascommerce.gov\/staff\/joseph-le\/\",\"name\":\"Joseph Le - Kansas Department of Commerce\",\"isPartOf\":{\"@id\":\"https:\/\/www.kansascommerce.gov\/#website\"},\"primaryImageOfPage\":{\"@id\":\"https:\/\/www.kansascommerce.gov\/staff\/joseph-le\/#primaryimage\"},\"image\":{\"@id\":\"https:\/\/www.kansascommerce.gov\/staff\/joseph-le\/#primaryimage\"},\"thumbnailUrl\":\"https:\/\/www.kansascommerce.gov\/wp-content\/uploads\/2024\/09\/MicrosoftTeams-image-930.jpg\",\"datePublished\":\"2026-03-18T18:19:18+00:00\",\"dateModified\":\"2026-03-18T18:19:25+00:00\",\"breadcrumb\":{\"@id\":\"https:\/\/www.kansascommerce.gov\/staff\/joseph-le\/#breadcrumb\"},\"inLanguage\":\"es\",\"potentialAction\":[{\"@type\":\"ReadAction\",\"target\":[\"https:\/\/www.kansascommerce.gov\/staff\/joseph-le\/\"]}]},{\"@type\":\"ImageObject\",\"inLanguage\":\"es\",\"@id\":\"https:\/\/www.kansascommerce.gov\/staff\/joseph-le\/#primaryimage\",\"url\":\"https:\/\/www.kansascommerce.gov\/wp-content\/uploads\/2024\/09\/MicrosoftTeams-image-930.jpg\",\"contentUrl\":\"https:\/\/www.kansascommerce.gov\/wp-content\/uploads\/2024\/09\/MicrosoftTeams-image-930.jpg\",\"width\":1440,\"height\":1800},{\"@type\":\"BreadcrumbList\",\"@id\":\"https:\/\/www.kansascommerce.gov\/staff\/joseph-le\/#breadcrumb\",\"itemListElement\":[{\"@type\":\"ListItem\",\"position\":1,\"name\":\"Home\",\"item\":\"https:\/\/www.kansascommerce.gov\/\"},{\"@type\":\"ListItem\",\"position\":2,\"name\":\"Staff\",\"item\":\"https:\/\/www.kansascommerce.gov\/staff-directory\"},{\"@type\":\"ListItem\",\"position\":3,\"name\":\"Joseph Le\"}]},{\"@type\":\"WebSite\",\"@id\":\"https:\/\/www.kansascommerce.gov\/#website\",\"url\":\"https:\/\/www.kansascommerce.gov\/\",\"name\":\"Kansas Department of Commerce\",\"description\":\"Empowering Prosperity\",\"publisher\":{\"@id\":\"https:\/\/www.kansascommerce.gov\/#organization\"},\"potentialAction\":[{\"@type\":\"SearchAction\",\"target\":{\"@type\":\"EntryPoint\",\"urlTemplate\":\"https:\/\/www.kansascommerce.gov\/?s={search_term_string}\"},\"query-input\":{\"@type\":\"PropertyValueSpecification\",\"valueRequired\":true,\"valueName\":\"search_term_string\"}}],\"inLanguage\":\"es\"},{\"@type\":\"Organization\",\"@id\":\"https:\/\/www.kansascommerce.gov\/#organization\",\"name\":\"Kansas Department of Commerce\",\"url\":\"https:\/\/www.kansascommerce.gov\/\",\"logo\":{\"@type\":\"ImageObject\",\"inLanguage\":\"es\",\"@id\":\"https:\/\/www.kansascommerce.gov\/#\/schema\/logo\/image\/\",\"url\":\"https:\/\/www.kansascommerce.gov\/wp-content\/uploads\/2020\/07\/kdc_logo.png\",\"contentUrl\":\"https:\/\/www.kansascommerce.gov\/wp-content\/uploads\/2020\/07\/kdc_logo.png\",\"width\":600,\"height\":347,\"caption\":\"Kansas Department of Commerce\"},\"image\":{\"@id\":\"https:\/\/www.kansascommerce.gov\/#\/schema\/logo\/image\/\"},\"sameAs\":[\"https:\/\/www.facebook.com\/KansasCommerce\/\",\"https:\/\/x.com\/KansasCommerce\",\"https:\/\/www.linkedin.com\/company\/kansas-department-of-commerce\/\"]}]}<\/script>\n<!-- \/ Yoast SEO Premium plugin. -->","yoast_head_json":{"title":"Joseph Le - Kansas Department of Commerce","robots":{"index":"index","follow":"follow","max-snippet":"max-snippet:-1","max-image-preview":"max-image-preview:large","max-video-preview":"max-video-preview:-1"},"canonical":"https:\/\/www.kansascommerce.gov\/es\/staff\/joseph-le\/","og_locale":"es_ES","og_type":"article","og_title":"Joseph Le","og_description":"Joseph is currently the Interim Director of Broadband Development. Prior to this role, he was the Deputy Director of Broadband Development since January 2023. He brings a diverse background in politics, public service, and technology, ...","og_url":"https:\/\/www.kansascommerce.gov\/es\/staff\/joseph-le\/","og_site_name":"Kansas Department of Commerce","article_publisher":"https:\/\/www.facebook.com\/KansasCommerce\/","article_modified_time":"2026-03-18T18:19:25+00:00","og_image":[{"width":1440,"height":1800,"url":"https:\/\/www.kansascommerce.gov\/wp-content\/uploads\/2024\/09\/MicrosoftTeams-image-930.jpg","type":"image\/jpeg"}],"twitter_card":"summary_large_image","twitter_site":"@KansasCommerce","twitter_misc":{"Tiempo de lectura":"1 minuto"},"schema":{"@context":"https:\/\/schema.org","@graph":[{"@type":"WebPage","@id":"https:\/\/www.kansascommerce.gov\/staff\/joseph-le\/","url":"https:\/\/www.kansascommerce.gov\/staff\/joseph-le\/","name":"Joseph Le - Kansas Department of Commerce","isPartOf":{"@id":"https:\/\/www.kansascommerce.gov\/#website"},"primaryImageOfPage":{"@id":"https:\/\/www.kansascommerce.gov\/staff\/joseph-le\/#primaryimage"},"image":{"@id":"https:\/\/www.kansascommerce.gov\/staff\/joseph-le\/#primaryimage"},"thumbnailUrl":"https:\/\/www.kansascommerce.gov\/wp-content\/uploads\/2024\/09\/MicrosoftTeams-image-930.jpg","datePublished":"2026-03-18T18:19:18+00:00","dateModified":"2026-03-18T18:19:25+00:00","breadcrumb":{"@id":"https:\/\/www.kansascommerce.gov\/staff\/joseph-le\/#breadcrumb"},"inLanguage":"es","potentialAction":[{"@type":"ReadAction","target":["https:\/\/www.kansascommerce.gov\/staff\/joseph-le\/"]}]},{"@type":"ImageObject","inLanguage":"es","@id":"https:\/\/www.kansascommerce.gov\/staff\/joseph-le\/#primaryimage","url":"https:\/\/www.kansascommerce.gov\/wp-content\/uploads\/2024\/09\/MicrosoftTeams-image-930.jpg","contentUrl":"https:\/\/www.kansascommerce.gov\/wp-content\/uploads\/2024\/09\/MicrosoftTeams-image-930.jpg","width":1440,"height":1800},{"@type":"BreadcrumbList","@id":"https:\/\/www.kansascommerce.gov\/staff\/joseph-le\/#breadcrumb","itemListElement":[{"@type":"ListItem","position":1,"name":"Home","item":"https:\/\/www.kansascommerce.gov\/"},{"@type":"ListItem","position":2,"name":"Staff","item":"https:\/\/www.kansascommerce.gov\/staff-directory"},{"@type":"ListItem","position":3,"name":"Joseph Le"}]},{"@type":"WebSite","@id":"https:\/\/www.kansascommerce.gov\/#website","url":"https:\/\/www.kansascommerce.gov\/","name":"Departamento de Comercio de Kansas","description":"Fomentar la prosperidad","publisher":{"@id":"https:\/\/www.kansascommerce.gov\/#organization"},"potentialAction":[{"@type":"SearchAction","target":{"@type":"EntryPoint","urlTemplate":"https:\/\/www.kansascommerce.gov\/?s={search_term_string}"},"query-input":{"@type":"PropertyValueSpecification","valueRequired":true,"valueName":"search_term_string"}}],"inLanguage":"es"},{"@type":"Organization","@id":"https:\/\/www.kansascommerce.gov\/#organization","name":"Departamento de Comercio de Kansas","url":"https:\/\/www.kansascommerce.gov\/","logo":{"@type":"ImageObject","inLanguage":"es","@id":"https:\/\/www.kansascommerce.gov\/#\/schema\/logo\/image\/","url":"https:\/\/www.kansascommerce.gov\/wp-content\/uploads\/2020\/07\/kdc_logo.png","contentUrl":"https:\/\/www.kansascommerce.gov\/wp-content\/uploads\/2020\/07\/kdc_logo.png","width":600,"height":347,"caption":"Kansas Department of Commerce"},"image":{"@id":"https:\/\/www.kansascommerce.gov\/#\/schema\/logo\/image\/"},"sameAs":["https:\/\/www.facebook.com\/KansasCommerce\/","https:\/\/x.com\/KansasCommerce","https:\/\/www.linkedin.com\/company\/kansas-department-of-commerce\/"]}]}},"publishpress_future_action":{"enabled":false,"date":"2026-05-06 06:31:35","action":"change-status","newStatus":"draft","terms":[],"taxonomy":"staff_category","extraData":[]},"publishpress_future_workflow_manual_trigger":{"enabledWorkflows":[]},"_links":{"self":[{"href":"https:\/\/www.kansascommerce.gov\/es\/wp-json\/wp\/v2\/staff\/52291","targetHints":{"allow":["GET"]}}],"collection":[{"href":"https:\/\/www.kansascommerce.gov\/es\/wp-json\/wp\/v2\/staff"}],"about":[{"href":"https:\/\/www.kansascommerce.gov\/es\/wp-json\/wp\/v2\/types\/staff"}],"wp:featuredmedia":[{"embeddable":true,"href":"https:\/\/www.kansascommerce.gov\/es\/wp-json\/wp\/v2\/media\/66813"}],"wp:attachment":[{"href":"https:\/\/www.kansascommerce.gov\/es\/wp-json\/wp\/v2\/media?parent=52291"}],"wp:term":[{"taxonomy":"staff_category","embeddable":true,"href":"https:\/\/www.kansascommerce.gov\/es\/wp-json\/wp\/v2\/staff_category?post=52291"}],"curies":[{"name":"wp","href":"https:\/\/api.w.org\/{rel}","templated":true}]}}

<p>Joseph es actualmente Director Interino de Desarrollo de la Banda Ancha. Antes de ocupar este cargo, fue Director Adjunto de Desarrollo de la Banda Ancha desde enero de 2023. Tiene una amplia experiencia en política, servicio público y tecnología, y se licenció en Ciencias Políticas y Psicología por la Universidad de Kansas. Fue jefe de gabinete del líder de la minoría en la Cámara de Representantes de Kansas, Tom Sawyer, antes de unirse al equipo de Desarrollo de la Banda Ancha. Con un historial en la Legislatura de Kansas, como Director Legislativo y Director de Operaciones, Joseph también contribuyó a la resolución de problemas del sitio web de la Ley de Asistencia Asequible en el departamento de TI de General Dynamics durante la Administración Obama y trabajó para el departamento de TI de la Universidad de Kansas en su entonces sistema de gestión de cursos, Blackboard. Más allá de sus actividades profesionales, es miembro de la Junta Consultiva de Correccionales Comunitarias del Condado de Douglas y de la Comisión de Relaciones Humanas de la ciudad de Lawrence. Joseph es un NextGen Under 30 Honoree, otorgado por NextGen Under 30 Kansas reconociendo su impacto en el estado de Kansas y las comunidades a las que sirve, dado su mandato como servidor público. En su tiempo libre, Joseph disfruta siguiendo el baloncesto masculino de la NCAA, codificando, manteniéndose al día de las innovaciones tecnológicas y automovilísticas, y pasando buenos momentos con su Akita, Emi.<br><br><a href="mailto:joseph.le@ks.gov">joseph.le@ks.gov</a><br>785-230-4615 </p>
